se m = -2*a + 39 + 24, -2*m = p*a - 157. Is a a composite number?
False
Suppose -4*p = -7*p + 1014. Suppose -3*b - 2*c - p = -7*b, -3*b - c = -256. Is b a composite number?
True
Suppose 4 + 0 = 2*g - 3*h, 2*h - 6 = -3*g. Suppose -g*o + 3 = -3*m + o, -3*m + 5*o = -3. Is -34*(10/m + 1) a prime number?
False
Suppose -d - 2*k = -26, 4 = 6*k - 7*k. Let i = d - 24. Is i a composite number?
True
Let s(b) = -25*b + 29. Is s(-9) a composite number?
True
Suppose 4*f - 12 = 4. Suppose 2*i - f*i - 84 = -4*a, 3*i = 5*a - 125. Let l = 79 + i. Is l composite?
True
Let n(d) = 20*d**3 + d**2 + 2*d + 1. Let s be n(-2). Let m be (-1*2)/(6/s). Let f = m - 30. Is f a prime number?
True
Let y = -1 - -3. Let i(u) = 9 + 0*u + 2*u + u**y - 4. Is i(-4) a prime number?
True
Suppose -2*q - 4 = -4*y + 2, y - 9 = -2*q. Suppose 115 = 2*s - l, 3*s - 2*s - q*l - 70 = 0. Is s composite?
True
Let v(z) = -z**2 + 10*z - 6. Let p be v(9). Let b be -3*(20/p)/(-2). Is 625/7 + b/(-35) prime?
True
Let i = 469 + -18. Is i a composite number?
True
Let f(k) = 9*k - 4. Let q(l) = -18*l + 9. Let p(j) = 5*f(j) + 3*q(j). Is p(-8) prime?
True
Let k = 1303 - -58. Is k prime?
True
Let n be ((-12)/(-14))/((-1)/(-7)). Let b = 18 - n. Suppose -4*k + b = 0, 3*k + 0*k - 13 = -2*o. Is o a prime number?
True
Suppose 13*h - 45 = 12*h. Suppose 4*a - 2*c = -c - 55, -a = 3*c + 17. Let f = a + h. Is f composite?
False
Let u(v) = -v**2 - 2*v + 4. Let m be u(5). Let a = 68 + m. Is a a prime number?
True
Let u(y) = -y**2 - y + 683. Is u(0) composite?
False
Let s = -717 + 1012. Is s a composite number?
True
Suppose 5*i - 1175 = 1070. Is i a composite number?
False
Is 3*17*(11 + -10) a composite number?
True
Suppose 0 = -2*l - 3*l - 5*y - 165, 125 = -5*l + 5*y. Let o = l - -17. Is (o/(-14))/((-4)/(-28)) composite?
True
Suppose -8*r + 2640 + 408 = 0. Is r composite?
True
Let p = 389 - -60. Is p a composite number?
False
Let t = 432 - 139. Is t a composite number?
False
Let x(i) = 3*i - 3. Let b(o) = o**3 - 7*o**2 - 6*o - 10. Let h(y) = -y**3 + 4*y**2 + 2*y. Let p be h(4). Let w be b(p). Is x(w) composite?
True
Let z(m) = m**3 - 2*m**2 + 4*m - 4. Let l be z(4). Let d = -81 + l. Let u = -18 - d. Is u a composite number?
False
Is (1 - (-8)/(-4))*-97 a composite number?
False
Let u = -4680 + 7949. Is u prime?
False
Let n = -25 + 76. Let s be ((-1)/(-1))/(3/n). Suppose 225 = 2*d - s. Is d a composite number?
True
Let a(s) = 3*s - 3. Let o be a(3). Suppose z + k + o = 2*k, 2*k = 3*z + 14. Is 2/((-12)/111)*z prime?
True
Let o = 24 + -3. Suppose -6*v + v + 4*b + 23 = 0, 5*v - o = 3*b. Is (-201)/2*(-2)/v composite?
False
Suppose -t = 4*k + 1534, -3*k + t = -6*k - 1150. Let q(z) = 9*z**3 + 3*z**2 + 3*z + 2. Let m be q(-3). Let h = m - k. Is h prime?
False
Let m be (4 - 4)/3 - -6. Let x(v) = -8*v**2 - 2*v - 1. Let f be x(2). Is (f/(-2))/(3/m) a prime number?
True
Let t be (0/(-3))/(4/(-2)). Let r = 8 - 9. Is t + 1 + r - -26 prime?
False
Let t = -4493 - -7014. Is t prime?
True
Suppose 4*q = 5*c - 953 + 4124, 5*q - 3948 = c. Is q composite?
True
Suppose 16*o - 18*o = -898. Is o composite?
False
Is 3880/6 - (-14)/42 composite?
False
Suppose -7*n = -12*n - 15. Is (288 - n)*3/9 a prime number?
True
Is 1*(110 + 1 - -2) a prime number?
True
Is ((-2)/(-3))/(4/318) prime?
True
Let r be (-5)/30 + 2890/(-12). Let t = -130 - r. Is t a composite number?
True
Suppose 5*r + 5*a - 21 = -106, -3*a - 23 = r. Let g(o) = 2*o**2 + 17*o + 9. Is g(r) a prime number?
True
Let x(s) be the second derivative of -s**3/6 - s. Let c be x(-2). Suppose 2*n - 260 = -c*n. Is n prime?
False
Let f be 2/3*6/4. Is (19 - 0) + -1 + f prime?
True
Let s be ((-2)/5)/((-1)/5). Suppose -11 = -s*y - 1. Suppose 0 = -k + y*k - 24. Is k prime?
False
Let f be ((-12)/(-54))/(1/9). Suppose 2*x - 532 = -f*x. Is x a composite number?
True
Let j(t) = 5*t**2 + 1 + 2*t + 0*t - 3*t + 2. Is j(-3) a composite number?
True
Suppose 2*z = -4, 4*o = -2*z + 4*z + 1424. Is o a prime number?
False
Suppose 4*k = l + l + 86, l = 4*k - 45. Let w = l + 160. Is w a composite number?
True
Suppose -y - 370 = -6*y. Let b be 4/6*(3/(-1) - 39). Let g = b + y. Is g prime?
False
Suppose 5*f - 4 = 3*f. Let l(b) = -7*b + 3*b**2 - 2*b - 4*b**f. Is l(-7) a composite number?
True
Suppose -3*w - 4*z + 769 = 10, 0 = w - 5*z - 253. Let r = -104 + w. Is r prime?
True
Suppose 0 = -3*z + 91 - 13. Is z composite?
True
Let l = 411 - 18. Is l a composite number?
True
Suppose -4*x + 3*c + 5301 = 0, -3*x + 580 = 2*c - 3417. Suppose -4*r + 7*r = x. Is r a composite number?
False
Let o be 2 - -1*10/2. Suppose c = -3*q + 59, -q = -5*q - c + 77. Let b = q + o. Is b prime?
False
Let a be (-9)/6*4/6. Let v = a - -1. Suppose v = q + 3, 0 = 5*t + q - 0 - 182. Is t a prime number?
True
Let o(t) = t**3 + 9*t**2 + 8*t - 4. Suppose 50 = 5*u + 5*w, 3*u + 0*u + 4*w = 33. Suppose 0 = l + u. Is o(l) composite?
True
Suppose 3*q + 192 = l, 5*q = 3*l - 629 + 73. Is l prime?
False
Suppose -2*b + 4*b + 2*g = 308, b + 4*g - 145 = 0. Is b a composite number?
False
Let w(a) = 3*a**3 + 6*a**2 - 3*a - 3. Let p(y) = 2*y**3 + 6*y**2 - 2*y - 4. Let d(o) = -4*p(o) + 3*w(o). Let v be d(6). Let r(m) = 84*m + 1. Is r(v) prime?
False
Let g(l) = 128*l**3 + l**2 - l + 1. Is g(1) a composite number?
True
Let l be 920/35 + (-4)/14. Let d be l/6 + (-3)/9. Suppose 148 = -0*j + d*j. Is j composite?
False
Let j(b) = -b**2 - 4*b - 2. Let l be j(-5). Let s = 94 + l. Is s a composite number?
True
Let c(r) = -14*r + 9. Is c(-12) a prime number?
False
Let c(a) = 2*a**3 - 9*a**2 - 8*a - 4. Let m = -8 + 11. Suppose w - 15 = -2*o, 0 = 4*w - 7 + m. Is c(o) a composite number?
True
Suppose -400 = -4*p + 108. Is p a composite number?
False
Let t(b) = 12*b**2 + b - 1. Let n be t(3). Let j = 213 - n. Is j prime?
True
Suppose -5*p = -l - 25, 12 = -4*l + 5*p - 13. Suppose -3*i + 2*q = -l*i + 24, 5*q - 15 = 0. Let c(k) = k**3 + 7*k**2 - 7*k - 9. Is c(i) prime?
False
Let d(m) = m**2 + 3*m - 7. Let b be d(7). Let s = b + -29. Is s composite?
True
Suppose -635 = -5*r - 0*r. Suppose 5*o - r = 4*o. Is o a composite number?
False
Suppose -g + 36 = -2*g. Let k = g - -69. Is k a prime number?
False
Let l be ((-2)/(-3))/((-2)/(-15)). Let g(m) = 2*m**2 - 5*m - 15. Let k(y) = 3*y**2 - 7*y - 22. Let i(n) = l*k(n) - 7*g(n). Is i(4) composite?
False
Suppose 0 = -3*f + 5*w + 10625, -4*f + 3*w + 14152 = -0*w. Suppose 10*x - 3*x - f = 0. Is x composite?
True
Is (-11880)/(-105) - 2/14 a composite number?
False
Let k = 202 - -35. Is k composite?
True
Suppose -18*m + 2716 = -14*m. Is m composite?
True
Suppose 6*s = 4*s. Let f be (0 - -71) + (-1 - s). Suppose 3*u - 44 - f = 0. Is u composite?
True
Let o be (-21)/(-6) - (-1)/2. Suppose k = -5*f + 442, -2*f + 0*k + 190 = -o*k. Is f a composite number?
False
Let h(g) = g**2 + g + 1. Let v be h(-3). Let t = 2 - v. Let u = t + 28. Is u prime?
True
Let w(c) = -c**3 - 5*c**2 + 11*c - 11. Is w(-10) a composite number?
False
Suppose 0 = h + 2, -2*b + 5*h - 194 = -886. Is b prime?
False
Let j(y) = 1183*y - 5. Let a be j(2). Suppose -2*u = u - a. Is u a prime number?
True
Suppose 575 = 5*l - 3*s, 443 = 4*l + 2*s - s. Suppose -l = -2*w + 176. Suppose y = -5*q + 2*y + 184, -4*y - w = -4*q. Is q a prime number?
True
Suppose 6*k - 5*v = 3*k + 25, -3*v - 15 = 0. Suppose -i - 5*r + 0 = 3, 4*i - 80 = 3*r. Suppose -2*a - 3*n + i = k, a + 2*n = 6*n + 25. Is a composite?
False
Suppose 0 = -w - 1. Let z = w - -46. Let x = -2 + z. Is x composite?
False
Let a be 14/77 - (-4)/(-22). Suppose a = 5*k + 8 - 23. Is k a prime number?
True
Let l = 7702 - 3705. Is l a composite number?
True
Let f(i) = -i**3 - 5*i**2 - i + 2. Let k(y) = -y**3 - 7*y**2 - 4*y + 7. Suppose -2*n - 22 = 2*t, -2*t - t - n = 23. Let x be k(t). Is f(x) a composite number?
False
Let z = 55 + -26. Suppose 3*n = 176 - z. Is n composite?
True
Suppose -o = o - 2*l - 22, 2*o + 2 = -4*l. Suppose 0 = -0*m - o*m + 889. Is m a composite number?
False
Let d(f) be the third derivative of f**5/20 - f**4/6 - 2*f**3/3 + 3*f**2. Is d(-5) a composite number?
True
Let o(h) = 134*h**2 - 9*h - 12. Is o(7) a composite number?
False
Let m be (-1148)/(-22) - (-4)/(-22). Suppose a - 19 - m = 0. Is a prime?
True
Let d(y) = -33*y - 5. Let n(f) = -16*f - 3. Let u(v) = 3*d(v) - 5*n(v). Is u(-5) a prime number?
False
Let a(